{"id":147,"date":"2011-06-29T16:52:59","date_gmt":"2011-06-29T14:52:59","guid":{"rendered":"http:\/\/www.bad-boller-roller.de\/wordpress\/?page_id=147"},"modified":"2025-07-07T17:44:18","modified_gmt":"2025-07-07T16:44:18","slug":"erfolge","status":"publish","type":"page","link":"https:\/\/www.bad-boller-roller.de\/?page_id=147","title":{"rendered":"Erfolge"},"content":{"rendered":"<p>Bei meiner ersten Teilnahme beim Albextrem Radmarathon im Jahr 2004 habe ich auf der Strecke eine Menge bekannte Gesichter aus Bad Boll und Umgebung entdeckt. Danach ist der Gedanke entstanden, dort auch mit einer Gruppe an den Start zu gehen. Durch verschiedene Kontakte, Mund-zu-Mund-Propaganda und der Hilfe des Albextrem-Orgateams gelang es, die Bad Boller Roller auf die Beine zu stellen.<\/p>\n<p>Bei der Albextrem 2005 waren unter den 3.500 Startern dann auch 23 Fahrer vom Team.Bad Boller Roller, die kr\u00e4ftig in die Pedale traten und auf die zwischen 190 und 280 km langen Strecken gegangen sind. Mit 4.860 zur\u00fcckgelegten Kilometern belegte die Mannschaft Platz 21 in der Gruppenwertung und durfte sich freuen, zweitbestes Newcomer-Team zu sein.<\/p>\n<p style=\"text-align: center;\"><a href=\"http:\/\/www.bad-boller-roller.de\/?attachment_id=317\" rel=\"attachment wp-att-317\"><img loading=\"lazy\" decoding=\"async\" class=\"aligncenter size-large wp-image-317\" title=\"Pokale\" src=\"http:\/\/www.bad-boller-roller.de\/wordpress\/wp-content\/uploads\/Pokale-1024x551.jpg\" alt=\"\" width=\"459\" height=\"247\" srcset=\"https:\/\/www.bad-boller-roller.de\/wordpress\/wp-content\/uploads\/Pokale-1024x551.jpg 1024w, https:\/\/www.bad-boller-roller.de\/wordpress\/wp-content\/uploads\/Pokale-300x161.jpg 300w\" sizes=\"auto, (max-width: 459px) 100vw, 459px\" \/><\/a><\/p>\n<p>Seither haben wir immer ein schlagkr\u00e4ftiges Team stellen k\u00f6nnen und belegten stets vordere Pl\u00e4tze in der Gruppenwertung verschiedener Radsportveranstaltungen. In den letzten Jahren haben wir uns stabil auf dem Podium etablieren k\u00f6nnen!<\/p>\n<table style=\"height: 480px;\" border=\"0\" align=\"center\">\n<tbody>\n<tr style=\"background-color: #919793;\">\n<td style=\"text-align: left; height: 24px;\"><strong>Veranstaltung<\/strong><\/td>\n<td style=\"text-align: center; height: 24px;\"><strong>Platz<\/strong><\/td>\n<td style=\"text-align: center; height: 24px;\"><strong>Fahrer<\/strong><\/td>\n<td style=\"text-align: right; height: 24px;\"><strong>Gesamtkilometer<\/strong><\/td>\n<\/tr>\n<tr style=\"height: 24px;\">\n<td style=\"height: 24px;\"><a href=\"https:\/\/www.bad-boller-roller.de\/?p=2553\">Albextrem 2025<\/a><\/td>\n<td style=\"text-align: center; height: 24px;\">6<\/td>\n<td style=\"text-align: center; height: 24px;\">18<\/td>\n<td style=\"text-align: right; height: 24px;\">3.625 km<\/td>\n<\/tr>\n<tr style=\"height: 24px;\">\n<td style=\"height: 24px;\"><a href=\"https:\/\/www.bad-boller-roller.de\/?p=2487\">Albextrem 2024<\/a><\/td>\n<td style=\"text-align: center; height: 24px;\">2<\/td>\n<td style=\"text-align: center; height: 24px;\">28 (+1)<\/td>\n<td style=\"text-align: right; height: 24px;\">5.950 km<\/td>\n<\/tr>\n<tr style=\"height: 24px;\">\n<td style=\"height: 24px;\"><a href=\"https:\/\/www.bad-boller-roller.de\/?p=2276\" target=\"_blank\" rel=\"noopener\">Albextrem 2023<\/a><\/td>\n<td style=\"text-align: center; height: 24px;\">1<\/td>\n<td style=\"text-align: center; height: 24px;\">29<\/td>\n<td style=\"text-align: right; height: 24px;\">5.700 km<\/td>\n<\/tr>\n<tr style=\"height: 24px;\">\n<td style=\"height: 24px;\"><a href=\"https:\/\/www.bad-boller-roller.de\/?p=2139\">Albextrem 2022<\/a><\/td>\n<td style=\"text-align: center; height: 24px;\">2<\/td>\n<td style=\"text-align: center; height: 24px;\">32<\/td>\n<td style=\"text-align: right; height: 24px;\">6.075 km<\/td>\n<\/tr>\n<tr style=\"height: 24px;\">\n<td style=\"height: 24px;\"><a href=\"https:\/\/www.bad-boller-roller.de\/?p=2031\">Albextrem 2021<\/a><\/td>\n<td style=\"text-align: center; height: 24px;\">2<\/td>\n<td style=\"text-align: center; height: 24px;\">21<\/td>\n<td style=\"text-align: right; height: 24px;\">3.902 km<\/td>\n<\/tr>\n<tr style=\"height: 24px;\">\n<td style=\"height: 24px;\"><a href=\"http:\/\/www.bad-boller-roller.de\/?p=1715\">Albextrem 2019<\/a><\/td>\n<td style=\"text-align: center; height: 24px;\">2<\/td>\n<td style=\"text-align: center; height: 24px;\">38<\/td>\n<td style=\"text-align: right; height: 24px;\">6.940 km<\/td>\n<\/tr>\n<tr style=\"height: 24px;\">\n<td style=\"height: 24px;\"><a href=\"http:\/\/www.bad-boller-roller.de\/?p=1667\">Albextrem 2018<\/a><\/td>\n<td style=\"text-align: center; height: 24px;\">2<\/td>\n<td style=\"text-align: center; height: 24px;\">40<\/td>\n<td style=\"text-align: right; height: 24px;\">8.710 km<\/td>\n<\/tr>\n<tr style=\"height: 24px;\">\n<td style=\"height: 24px;\" valign=\"top\"><a href=\"http:\/\/www.bad-boller-roller.de\/?p=1579\">Albextrem 2017<\/a><\/td>\n<td style=\"text-align: center; height: 24px;\" valign=\"top\">3<\/td>\n<td style=\"text-align: center; height: 24px;\" valign=\"top\">46<\/td>\n<td style=\"text-align: right; height: 24px;\" valign=\"top\">9.499 km<\/td>\n<\/tr>\n<tr style=\"height: 24px;\">\n<td style=\"height: 24px;\" valign=\"top\"><a href=\"http:\/\/www.bad-boller-roller.de\/?p=1411\">Albextrem 2016<\/a><\/td>\n<td style=\"text-align: center; height: 24px;\" valign=\"top\">3<\/td>\n<td style=\"text-align: center; height: 24px;\" valign=\"top\">63<\/td>\n<td style=\"text-align: right; height: 24px;\" valign=\"top\">13.500 km<\/td>\n<\/tr>\n<tr style=\"height: 24px;\">\n<td style=\"height: 24px;\" valign=\"top\"><a href=\"http:\/\/www.bad-boller-roller.de\/?p=1238\">Albextrem 2015<\/a><\/td>\n<td style=\"text-align: center; height: 24px;\" valign=\"top\">2<\/td>\n<td style=\"text-align: center; height: 24px;\" valign=\"top\">78<\/td>\n<td style=\"text-align: right; height: 24px;\" valign=\"top\">16.920 km<\/td>\n<\/tr>\n<tr style=\"height: 24px;\">\n<td style=\"height: 24px;\" valign=\"top\"><a title=\"Albextrem 2014 \u2013 besser als erwartet\" href=\"http:\/\/www.bad-boller-roller.de\/?p=1078\">Albextrem 2014<\/a><\/td>\n<td style=\"text-align: center; height: 24px;\" valign=\"top\">18<\/td>\n<td style=\"text-align: center; height: 24px;\" valign=\"top\">52<\/td>\n<td style=\"text-align: right; height: 24px;\" valign=\"top\">10.720 km<\/td>\n<\/tr>\n<tr style=\"height: 24px;\">\n<td style=\"height: 24px;\" valign=\"top\"><a title=\"Toller 5. Platz bei der 30. Albextrem\" href=\"http:\/\/www.bad-boller-roller.de\/?p=966\">Albextrem 2013<\/a><\/td>\n<td style=\"text-align: center; height: 24px;\" valign=\"top\">5<\/td>\n<td style=\"text-align: center; height: 24px;\" valign=\"top\">49<\/td>\n<td style=\"text-align: right; height: 24px;\" valign=\"top\">10.560 km<\/td>\n<\/tr>\n<tr style=\"height: 24px;\">\n<td style=\"height: 24px;\"><a title=\"Bad Boller Roller best\u00e4tigen tolles Ergebnis bei der ALBEXTREM\" href=\"http:\/\/www.bad-boller-roller.de\/?p=778\">Albextrem 2012<\/a><\/td>\n<td style=\"text-align: center; height: 24px;\">5<\/td>\n<td style=\"text-align: center; height: 24px;\">67<\/td>\n<td style=\"text-align: right; height: 24px;\">14.270 km<\/td>\n<\/tr>\n<tr style=\"height: 24px;\">\n<td style=\"height: 24px;\"><a title=\"Albextrem 2011\" href=\"http:\/\/www.bad-boller-roller.de\/?p=237\">Albextrem 2011<\/a><\/td>\n<td style=\"text-align: center; height: 24px;\">12<\/td>\n<td style=\"text-align: center; height: 24px;\">65<\/td>\n<td style=\"text-align: right; height: 24px;\">13.410 km<\/td>\n<\/tr>\n<tr style=\"height: 24px;\">\n<td style=\"height: 24px;\"><a title=\"Albextrem 2010\" href=\"http:\/\/www.bad-boller-roller.de\/?p=219\">Albextrem 2010<\/a><\/td>\n<td style=\"text-align: center; height: 24px;\">10<\/td>\n<td style=\"text-align: center; height: 24px;\">62<\/td>\n<td style=\"text-align: right; height: 24px;\">12.630 km<\/td>\n<\/tr>\n<tr style=\"height: 24px;\">\n<td style=\"height: 24px;\"><a title=\"Albextrem 2009\" href=\"http:\/\/www.bad-boller-roller.de\/?p=210\">Albextrem 2009<\/a><\/td>\n<td style=\"text-align: center; height: 24px;\">5<\/td>\n<td style=\"text-align: center; height: 24px;\">67<\/td>\n<td style=\"text-align: right; height: 24px;\">13.960 km<\/td>\n<\/tr>\n<tr style=\"height: 24px;\" valign=\"middle\">\n<td style=\"height: 24px;\"><a title=\"Forstliches MTB-Rennen Schlat 2008\" href=\"http:\/\/www.bad-boller-roller.de\/?p=214\">Forstliches MTB-Rennen Schlat 2008<\/a><\/td>\n<td style=\"text-align: center; height: 24px;\">11<\/td>\n<td style=\"text-align: center; height: 24px;\">4<\/td>\n<td style=\"text-align: right; height: 24px;\">120 km<\/td>\n<\/tr>\n<tr style=\"height: 24px;\">\n<td style=\"height: 24px;\"><a title=\"Albextrem 2008\" href=\"http:\/\/www.bad-boller-roller.de\/?p=206\">Albextrem 2008<\/a><\/td>\n<td style=\"text-align: center; height: 24px;\">17<\/td>\n<td style=\"text-align: center; height: 24px;\">52<\/td>\n<td style=\"text-align: right; height: 24px;\">11.450 km<\/td>\n<\/tr>\n<tr style=\"height: 24px;\">\n<td style=\"height: 24px;\"><a title=\"Bergeles Tour 2008\" href=\"http:\/\/www.bad-boller-roller.de\/?p=199\">Bergeles-Tour 2008<\/a><\/td>\n<td style=\"text-align: center; height: 24px;\">2<\/td>\n<td style=\"text-align: center; height: 24px;\">12<\/td>\n<td style=\"text-align: right; height: 24px;\">1.515 km<\/td>\n<\/tr>\n<tr style=\"height: 24px;\">\n<td style=\"height: 24px;\"><a title=\"Ottsilla \u2013 Ottenbacher Silvesterlauf 2007\" href=\"http:\/\/www.bad-boller-roller.de\/?p=196\">Ottsilla 2007 (Lauf)<\/a><\/td>\n<td style=\"text-align: center; height: 24px;\">11<\/td>\n<td style=\"text-align: center; height: 24px;\">4<\/td>\n<td style=\"text-align: right; height: 24px;\">10,6 km<\/td>\n<\/tr>\n<tr style=\"height: 24px;\">\n<td style=\"height: 24px;\"><a title=\"Albextrem 2007\" href=\"http:\/\/www.bad-boller-roller.de\/?p=190\">Albextrem 2007<\/a><\/td>\n<td style=\"text-align: center; height: 24px;\">7<\/td>\n<td style=\"text-align: center; height: 24px;\">56<\/td>\n<td style=\"text-align: right; height: 24px;\">11.790 km<\/td>\n<\/tr>\n<tr style=\"height: 24px;\" valign=\"middle\">\n<td style=\"height: 24px;\"><a title=\"WM-Velotour 2007 (Rennen)\" href=\"http:\/\/www.bad-boller-roller.de\/?p=181\">WM-Velotour 2007 (Rennen)<\/a><\/td>\n<td style=\"text-align: center; height: 24px;\">13<\/td>\n<td style=\"text-align: center; height: 24px;\">5<\/td>\n<td style=\"text-align: right; height: 24px;\">306 km<\/td>\n<\/tr>\n<tr style=\"height: 24px;\">\n<td style=\"height: 24px;\">H\u00fcgeltour 2007<\/td>\n<td style=\"text-align: center; height: 24px;\">7<\/td>\n<td style=\"text-align: center; height: 24px;\">10<\/td>\n<td style=\"text-align: right; height: 24px;\">1.192 km<\/td>\n<\/tr>\n<tr style=\"height: 24px;\">\n<td style=\"height: 24px;\"><a title=\"Albextrem 2006\" href=\"http:\/\/www.bad-boller-roller.de\/?p=171\">Albextrem 2006<\/a><\/td>\n<td style=\"text-align: center; height: 24px;\">6<\/td>\n<td style=\"text-align: center; height: 24px;\">37<\/td>\n<td style=\"text-align: right; height: 24px;\">7.670 km<\/td>\n<\/tr>\n<tr style=\"height: 24px;\">\n<td style=\"height: 24px;\"><a title=\"Albextrem 2005\" href=\"http:\/\/www.bad-boller-roller.de\/?p=159\">Albextrem 2005<\/a><\/td>\n<td style=\"text-align: center; height: 24px;\">21<\/td>\n<td style=\"text-align: center; height: 24px;\">23<\/td>\n<td style=\"text-align: right; height: 24px;\">4.860 km<\/td>\n<\/tr>\n<\/tbody>\n<\/table>\n","protected":false},"excerpt":{"rendered":"<p>Bei meiner ersten Teilnahme beim Albextrem Radmarathon im Jahr 2004 habe ich auf der Strecke eine Menge bekannte Gesichter aus Bad Boll und Umgebung entdeckt. Danach ist der Gedanke entstanden, <a class=\"more-link\" href=\"https:\/\/www.bad-boller-roller.de\/?page_id=147\">weiterlesen &rarr;<\/a><\/p>\n","protected":false},"author":1,"featured_media":0,"parent":0,"menu_order":0,"comment_status":"open","ping_status":"closed","template":"","meta":{"_mc_calendar":[],"footnotes":""},"class_list":["post-147","page","type-page","status-publish","hentry"],"_links":{"self":[{"href":"https:\/\/www.bad-boller-roller.de\/index.php?rest_route=\/wp\/v2\/pages\/147","targetHints":{"allow":["GET"]}}],"collection":[{"href":"https:\/\/www.bad-boller-roller.de\/index.php?rest_route=\/wp\/v2\/pages"}],"about":[{"href":"https:\/\/www.bad-boller-roller.de\/index.php?rest_route=\/wp\/v2\/types\/page"}],"author":[{"embeddable":true,"href":"https:\/\/www.bad-boller-roller.de\/index.php?rest_route=\/wp\/v2\/users\/1"}],"replies":[{"embeddable":true,"href":"https:\/\/www.bad-boller-roller.de\/index.php?rest_route=%2Fwp%2Fv2%2Fcomments&post=147"}],"version-history":[{"count":46,"href":"https:\/\/www.bad-boller-roller.de\/index.php?rest_route=\/wp\/v2\/pages\/147\/revisions"}],"predecessor-version":[{"id":2566,"href":"https:\/\/www.bad-boller-roller.de\/index.php?rest_route=\/wp\/v2\/pages\/147\/revisions\/2566"}],"wp:attachment":[{"href":"https:\/\/www.bad-boller-roller.de\/index.php?rest_route=%2Fwp%2Fv2%2Fmedia&parent=147"}],"curies":[{"name":"wp","href":"https:\/\/api.w.org\/{rel}","templated":true}]}}

<p>Bei meiner ersten Teilnahme beim Albextrem Radmarathon im Jahr 2004 habe ich auf der Strecke eine Menge bekannte Gesichter aus Bad Boll und Umgebung entdeckt. Danach ist der Gedanke entstanden, dort auch mit einer Gruppe an den Start zu gehen. Durch verschiedene Kontakte, Mund-zu-Mund-Propaganda und der Hilfe des Albextrem-Orgateams gelang es, die Bad Boller Roller auf die Beine zu stellen.</p>
<p>Bei der Albextrem 2005 waren unter den 3.500 Startern dann auch 23 Fahrer vom Team.Bad Boller Roller, die kräftig in die Pedale traten und auf die zwischen 190 und 280 km langen Strecken gegangen sind. Mit 4.860 zurückgelegten Kilometern belegte die Mannschaft Platz 21 in der Gruppenwertung und durfte sich freuen, zweitbestes Newcomer-Team zu sein.</p>
<p style="text-align: center;"><a href="http://www.bad-boller-roller.de/?attachment_id=317" rel="attachment wp-att-317"><img loading="lazy" decoding="async" class="aligncenter size-large wp-image-317" title="Pokale" src="http://www.bad-boller-roller.de/wordpress/wp-content/uploads/Pokale-1024x551.jpg" alt="" width="459" height="247" srcset="https://www.bad-boller-roller.de/wordpress/wp-content/uploads/Pokale-1024x551.jpg 1024w, https://www.bad-boller-roller.de/wordpress/wp-content/uploads/Pokale-300x161.jpg 300w" sizes="auto, (max-width: 459px) 100vw, 459px" /></a></p>
<p>Seither haben wir immer ein schlagkräftiges Team stellen können und belegten stets vordere Plätze in der Gruppenwertung verschiedener Radsportveranstaltungen. In den letzten Jahren haben wir uns stabil auf dem Podium etablieren können!</p>
<table style="height: 480px;" border="0" align="center">
<tbody>
<tr style="background-color: #919793;">
<td style="text-align: left; height: 24px;"><strong>Veranstaltung</strong></td>
<td style="text-align: center; height: 24px;"><strong>Platz</strong></td>
<td style="text-align: center; height: 24px;"><strong>Fahrer</strong></td>
<td style="text-align: right; height: 24px;"><strong>Gesamtkilometer</strong></td>
</tr>
<tr style="height: 24px;">
<td style="height: 24px;"><a href="https://www.bad-boller-roller.de/?p=2553">Albextrem 2025</a></td>
<td style="text-align: center; height: 24px;">6</td>
<td style="text-align: center; height: 24px;">18</td>
<td style="text-align: right; height: 24px;">3.625 km</td>
</tr>
<tr style="height: 24px;">
<td style="height: 24px;"><a href="https://www.bad-boller-roller.de/?p=2487">Albextrem 2024</a></td>
<td style="text-align: center; height: 24px;">2</td>
<td style="text-align: center; height: 24px;">28 (+1)</td>
<td style="text-align: right; height: 24px;">5.950 km</td>
</tr>
<tr style="height: 24px;">
<td style="height: 24px;"><a href="https://www.bad-boller-roller.de/?p=2276" target="_blank" rel="noopener">Albextrem 2023</a></td>
<td style="text-align: center; height: 24px;">1</td>
<td style="text-align: center; height: 24px;">29</td>
<td style="text-align: right; height: 24px;">5.700 km</td>
</tr>
<tr style="height: 24px;">
<td style="height: 24px;"><a href="https://www.bad-boller-roller.de/?p=2139">Albextrem 2022</a></td>
<td style="text-align: center; height: 24px;">2</td>
<td style="text-align: center; height: 24px;">32</td>
<td style="text-align: right; height: 24px;">6.075 km</td>
</tr>
<tr style="height: 24px;">
<td style="height: 24px;"><a href="https://www.bad-boller-roller.de/?p=2031">Albextrem 2021</a></td>
<td style="text-align: center; height: 24px;">2</td>
<td style="text-align: center; height: 24px;">21</td>
<td style="text-align: right; height: 24px;">3.902 km</td>
</tr>
<tr style="height: 24px;">
<td style="height: 24px;"><a href="http://www.bad-boller-roller.de/?p=1715">Albextrem 2019</a></td>
<td style="text-align: center; height: 24px;">2</td>
<td style="text-align: center; height: 24px;">38</td>
<td style="text-align: right; height: 24px;">6.940 km</td>
</tr>
<tr style="height: 24px;">
<td style="height: 24px;"><a href="http://www.bad-boller-roller.de/?p=1667">Albextrem 2018</a></td>
<td style="text-align: center; height: 24px;">2</td>
<td style="text-align: center; height: 24px;">40</td>
<td style="text-align: right; height: 24px;">8.710 km</td>
</tr>
<tr style="height: 24px;">
<td style="height: 24px;" valign="top"><a href="http://www.bad-boller-roller.de/?p=1579">Albextrem 2017</a></td>
<td style="text-align: center; height: 24px;" valign="top">3</td>
<td style="text-align: center; height: 24px;" valign="top">46</td>
<td style="text-align: right; height: 24px;" valign="top">9.499 km</td>
</tr>
<tr style="height: 24px;">
<td style="height: 24px;" valign="top"><a href="http://www.bad-boller-roller.de/?p=1411">Albextrem 2016</a></td>
<td style="text-align: center; height: 24px;" valign="top">3</td>
<td style="text-align: center; height: 24px;" valign="top">63</td>
<td style="text-align: right; height: 24px;" valign="top">13.500 km</td>
</tr>
<tr style="height: 24px;">
<td style="height: 24px;" valign="top"><a href="http://www.bad-boller-roller.de/?p=1238">Albextrem 2015</a></td>
<td style="text-align: center; height: 24px;" valign="top">2</td>
<td style="text-align: center; height: 24px;" valign="top">78</td>
<td style="text-align: right; height: 24px;" valign="top">16.920 km</td>
</tr>
<tr style="height: 24px;">
<td style="height: 24px;" valign="top"><a title="Albextrem 2014 – besser als erwartet" href="http://www.bad-boller-roller.de/?p=1078">Albextrem 2014</a></td>
<td style="text-align: center; height: 24px;" valign="top">18</td>
<td style="text-align: center; height: 24px;" valign="top">52</td>
<td style="text-align: right; height: 24px;" valign="top">10.720 km</td>
</tr>
<tr style="height: 24px;">
<td style="height: 24px;" valign="top"><a title="Toller 5. Platz bei der 30. Albextrem" href="http://www.bad-boller-roller.de/?p=966">Albextrem 2013</a></td>
<td style="text-align: center; height: 24px;" valign="top">5</td>
<td style="text-align: center; height: 24px;" valign="top">49</td>
<td style="text-align: right; height: 24px;" valign="top">10.560 km</td>
</tr>
<tr style="height: 24px;">
<td style="height: 24px;"><a title="Bad Boller Roller bestätigen tolles Ergebnis bei der ALBEXTREM" href="http://www.bad-boller-roller.de/?p=778">Albextrem 2012</a></td>
<td style="text-align: center; height: 24px;">5</td>
<td style="text-align: center; height: 24px;">67</td>
<td style="text-align: right; height: 24px;">14.270 km</td>
</tr>
<tr style="height: 24px;">
<td style="height: 24px;"><a title="Albextrem 2011" href="http://www.bad-boller-roller.de/?p=237">Albextrem 2011</a></td>
<td style="text-align: center; height: 24px;">12</td>
<td style="text-align: center; height: 24px;">65</td>
<td style="text-align: right; height: 24px;">13.410 km</td>
</tr>
<tr style="height: 24px;">
<td style="height: 24px;"><a title="Albextrem 2010" href="http://www.bad-boller-roller.de/?p=219">Albextrem 2010</a></td>
<td style="text-align: center; height: 24px;">10</td>
<td style="text-align: center; height: 24px;">62</td>
<td style="text-align: right; height: 24px;">12.630 km</td>
</tr>
<tr style="height: 24px;">
<td style="height: 24px;"><a title="Albextrem 2009" href="http://www.bad-boller-roller.de/?p=210">Albextrem 2009</a></td>
<td style="text-align: center; height: 24px;">5</td>
<td style="text-align: center; height: 24px;">67</td>
<td style="text-align: right; height: 24px;">13.960 km</td>
</tr>
<tr style="height: 24px;" valign="middle">
<td style="height: 24px;"><a title="Forstliches MTB-Rennen Schlat 2008" href="http://www.bad-boller-roller.de/?p=214">Forstliches MTB-Rennen Schlat 2008</a></td>
<td style="text-align: center; height: 24px;">11</td>
<td style="text-align: center; height: 24px;">4</td>
<td style="text-align: right; height: 24px;">120 km</td>
</tr>
<tr style="height: 24px;">
<td style="height: 24px;"><a title="Albextrem 2008" href="http://www.bad-boller-roller.de/?p=206">Albextrem 2008</a></td>
<td style="text-align: center; height: 24px;">17</td>
<td style="text-align: center; height: 24px;">52</td>
<td style="text-align: right; height: 24px;">11.450 km</td>
</tr>
<tr style="height: 24px;">
<td style="height: 24px;"><a title="Bergeles Tour 2008" href="http://www.bad-boller-roller.de/?p=199">Bergeles-Tour 2008</a></td>
<td style="text-align: center; height: 24px;">2</td>
<td style="text-align: center; height: 24px;">12</td>
<td style="text-align: right; height: 24px;">1.515 km</td>
</tr>
<tr style="height: 24px;">
<td style="height: 24px;"><a title="Ottsilla – Ottenbacher Silvesterlauf 2007" href="http://www.bad-boller-roller.de/?p=196">Ottsilla 2007 (Lauf)</a></td>
<td style="text-align: center; height: 24px;">11</td>
<td style="text-align: center; height: 24px;">4</td>
<td style="text-align: right; height: 24px;">10,6 km</td>
</tr>
<tr style="height: 24px;">
<td style="height: 24px;"><a title="Albextrem 2007" href="http://www.bad-boller-roller.de/?p=190">Albextrem 2007</a></td>
<td style="text-align: center; height: 24px;">7</td>
<td style="text-align: center; height: 24px;">56</td>
<td style="text-align: right; height: 24px;">11.790 km</td>
</tr>
<tr style="height: 24px;" valign="middle">
<td style="height: 24px;"><a title="WM-Velotour 2007 (Rennen)" href="http://www.bad-boller-roller.de/?p=181">WM-Velotour 2007 (Rennen)</a></td>
<td style="text-align: center; height: 24px;">13</td>
<td style="text-align: center; height: 24px;">5</td>
<td style="text-align: right; height: 24px;">306 km</td>
</tr>
<tr style="height: 24px;">
<td style="height: 24px;">Hügeltour 2007</td>
<td style="text-align: center; height: 24px;">7</td>
<td style="text-align: center; height: 24px;">10</td>
<td style="text-align: right; height: 24px;">1.192 km</td>
</tr>
<tr style="height: 24px;">
<td style="height: 24px;"><a title="Albextrem 2006" href="http://www.bad-boller-roller.de/?p=171">Albextrem 2006</a></td>
<td style="text-align: center; height: 24px;">6</td>
<td style="text-align: center; height: 24px;">37</td>
<td style="text-align: right; height: 24px;">7.670 km</td>
</tr>
<tr style="height: 24px;">
<td style="height: 24px;"><a title="Albextrem 2005" href="http://www.bad-boller-roller.de/?p=159">Albextrem 2005</a></td>
<td style="text-align: center; height: 24px;">21</td>
<td style="text-align: center; height: 24px;">23</td>
<td style="text-align: right; height: 24px;">4.860 km</td>
</tr>
</tbody>
</table>
